late g(26).
-12
Let u = -933 - -931. Let j(b) = -28*b - 16. Determine j(u).
40
Let r(y) = 8*y**2 - 1 + 3*y + y**2 - 3*y. Suppose -o = 3*h - 1, 9*h + 5 = 5*o + 7*h. Give r(o).
8
Let c(b) = -2*b**2 - 7 - 10*b**2 + 5*b - 2 + 11*b**2. Calculate c(8).
-33
Let o(v) be the second derivative of v**3/2 + 33*v**2/2 + 545*v - 1. Calculate o(-4).
21
Suppose 5*s + 0 = 4*p - 10, 0 = 5*p + 2*s + 37. Let g(n) = -n**2 - 11*n - 23. Determine g(p).
7
Let p(s) = -s**3 + 9*s**2 + 2*s - 12. Suppose 63 - 308 = -5*j - 3*t, j + 2*t - 56 = 0. Suppose -3*m + j = m - 5*b, 3*b = -6. Give p(m).
6
Let i(f) = -6*f**2 + 1. Let c(y) = 19*y**2 + 3*y - 9. Let k(h) = c(h) + 7*i(h). Give k(1).
-22
Suppose 94*w = 89*w - 5. Let l(r) = 3*r**3 + 4*r**2 - 7*r - 1. Let x(t) = -t**3 - t**2 + t - 1. Let j(b) = w*l(b) - 2*x(b). Determine j(-3).
-3
Suppose 3*t = -2 - 10. Let g be (32/(-56))/((-8)/28). Let l(h) = -1 + 399*h**g - 200*h**2 - 200*h**2. Calculate l(t).
-17
Let r(f) = -2*f**2 - 2*f - 2. Let p be r(0). Let t be (p/(-4))/((-5)/(-110)). Let q(l) = -2 + t*l + l**3 - 5*l - 4*l - 2*l**2. Give q(2).
2
Let j(a) = a**3 - 16*a**2 + 15*a - 12. Let l be (-26)/(-65) + 6/(-2) + 528/30. Determine j(l).
-12
Suppose 0 = 7*c - 2*f - 67, -4*f - 419 = 4*c - 411. Let m(i) be the first derivative of i**4/4 - 2*i**3 - 5*i**2 + 9*i - 1. What is m(c)?
-12
Let w(c) = -14*c**2 + 6*c - 6. Let o = 11351 + -11350. Calculate w(o).
-14
Let w(j) = -108*j + 1. Let c(b) = 145*b - 2. Let p(o) = -3*c(o) - 4*w(o). Suppose -4*a + s = -s + 12, 5*a = -5*s + 15. Determine p(a).
5
Suppose 4*v = -310 + 262. Let q(y) = -2*y + 15. Let f(k) = -k + 14. Let n(h) = -3*f(h) + 2*q(h). What is n(v)?
0
Suppose 0 = y, -7*k - 2*y = -3*k - 72. Suppose -k*m + 20*m = 0. Let x(d) = -1 - 9*d + 3 + 8*d + 6. Calculate x(m).
8
Let v(c) = 13*c**3 + c**2 + 6*c - 9. Let f(d) = 29*d**3 + 2*d**2 + 13*d - 16. Let o(g) = -4*f(g) + 9*v(g). Determine o(0).
-17
Suppose -4*t + 4*d = -12, -4*t - 3*d = t - 15. Let x(o) = -3*o**2 - 2 + 3*o - 4*o + 93*o**3 - 6*o**2 - 94*o**t + 5. Give x(-9).
12
Let w(h) = -h**3 - 5*h**2 - h - 5. Let p be w(-3). Let t be 15/p + 39/(-12). Let x(s) = 3*s**3 + 0*s**3 + 5 - 4*s**3 - 3*s**2 + 7*s. What is x(t)?
-7
Let s(q) = 2*q + 2. Let g be s(5). Let l(v) = 14*v + 17*v + g*v - 50*v - 2*v**2 - 5. Let f be -2 - (-1 - (-2 + -1)). Give l(f).
-9
Let n(r) = -55*r + 1032. Let x be n(19). Let f(t) = 6 - 13*t**3 + 11 + 2*t + 12*t**3 - 13*t**2. What is f(x)?
-9
Let b be -3 - (4 - (3 - -34)). Let t(r) = -65*r - 6 + 38*r + b*r. Determine t(-5).
-21
Let y(r) be the third derivative of -r**4/24 + 8*r**3/3 + 189*r**2. What is y(5)?
11
Let n(j) = j**2 - 863*j + 11050. Let u be n(13). Let d(p) be the second derivative of -7/2*p**2 - 1/20*p**5 - 4/3*p**3 - 7/12*p**4 - 29*p + u. Determine d(-5).
-17
Suppose 4*g = 49 - 1. Let z(k) = 78*k + 54. Let t(v) = -22*v - 17. Let a(b) = -7*t(b) - 2*z(b). Calculate a(g).
-13
Let a = -26047 - -26043. Let l(d) = 4*d**2 + 11*d - 19. What is l(a)?
1
Let g(r) = -58*r - r**3 + 3*r + 6 + 3*r - 8*r**3 + 54*r. Give g(-2).
74
Suppose 0 = y - 1 + 5. Let v(c) = -2*c**2 - 3*c + 1. Let s(o) be the first derivative of -o**3/3 - o**2 + o + 143. Let i(b) = y*v(b) + 9*s(b). What is i(-4)?
13
Let o(w) be the second derivative of w**4/24 + 8*w**3/3 - 195*w**2/2 + 25*w. Let c(u) be the first derivative of o(u). Determine c(-13).
3
Let j(k) = -2*k - 74. Let w(g) = 4. Let c(d) = -j(d) - 4*w(d). Determine c(0).
58
Let l(i) be the third derivative of -i**5/60 + 19*i**4/24 - 7*i**3 - 22*i**2. Let v be l(16). Let m(c) = -v - 6 - 591*c + c**2 + 595*c. Calculate m(-6).
0
Let t(p) be the first derivative of p**3/3 - 7*p**2/2 + 13*p + 3161. What is t(5)?
3
Let k(r) be the second derivative of -1/6*r**3 + 1/12*r**4 + 33*r - 1 - 2*r**2. Give k(3).
2
Let a(y) = 3*y + 6. Let s be a(-3). Let m(p) be the second derivative of -p**5/20 - p**4/4 + p**3 + 5*p**2/2 - 1651*p. What is m(s)?
-13
Let z(t) = t**3 + t**2 - 2*t + 1. Suppose -4*y + 3*s + 31 = 0, -3*y - 2*s = -3 + 1. Suppose 4*g + 1 = y*x - 7, 0 = 4*g + 4*x - 24. Determine z(g).
9
Suppose -5*i - 2*k + 105 = 0, 3*i + 2*k = 5*k + 84. Suppose -4*u = 2*a - i - 3, -u + 5 = 0. Let v(z) = z**3 - z**2 - 5*z - 4. Calculate v(a).
-1
Let t(l) be the second derivative of -l**6/120 + l**5/10 - l**4/6 - 7*l**3/6 - 10*l**2 - l - 4. Let b(a) be the first derivative of t(a). Give b(5).
-2
Let z be (-1 - 175/4) + 278/(-1112). Let k be (z/(0 - -3))/(42/(-28)). Let w(f) = f**3 - 9*f**2 - 9*f - 3. Calculate w(k).
7
Let k(j) = j**3 + 3*j**2 - 7*j. Let y(q) = q**3 + 3*q**2 - 8*q - 1. Let c(u) = -5*k(u) + 4*y(u). Let r(f) = f**3 + 6*f**2 - 16*f - 4. Let p be r(-8). Give c(p).
0
Suppose 4*m - 5*n = 48, 31*n = 33*n - 8. Let y(v) = 6*v**2 - 101*v - 2. Give y(m).
15
Let h be -14 - 5 - (0 - 4). Let g(f) = f**3 + 17*f**2 + 23*f + 10. What is g(h)?
115
Suppose -8*c = -12*c + 4. Suppose 2 = t - 0. Let i(m) = -m + c + m**3 + 7*m**t - 14*m**2 + 3*m**2. What is i(3)?
-11
Let m = -143 + 148. Suppose -5*k = m*f, -5*f + 14 = k + 2. Suppose -4*g + y - 2 + 30 = 0, -f*g = -5*y - 38. Let t(c) = -c - 1. Determine t(g).
-7
Let o(j) = 5*j - 3. Let y be 2 - (-162)/(-84) - 15/14. Determine o(y).
-8
Let i(f) = -3*f - 4. Let j(x) = -112*x - 135. Let u(d) = -222*i(d) + 6*j(d). What is u(11)?
12
Let r(z) = -z - 5. Suppose 40 = 5*y + 4*i, 5*i = 4*y - 2*y + 17. Suppose 4*p + 796 = -y*n, 0 = 3*p + 5*n + 235 + 360. Let v be (p/75)/(4/(-6)). Calculate r(v).
-9
Let h(d) = -11*d**2 + 2463910 + 8*d - d**3 - 2463905 + 5*d. What is h(-12)?
-7
Let c(j) = -j**3 - 12*j**2 - 27*j + 1. Let h(a) = -a**3 - 13*a**2 - 21*a + 81. Let v be h(-10). Determine c(v).
1
Let o(g) be the first derivative of 7*g**2/2 - 15*g + 671. Determine o(6).
27
Suppose -6*t + 20 = -11*t. Let u(l) = -4*l**3 - 5*l**2 - 10*l + 6. Let a(b) = -3*b**3 - 3*b**2 - 9*b + 5. Let h(p) = t*u(p) + 5*a(p). Give h(-6).
-5
Let f(g) = g**3 - g**2 - g - 7. Let t = 423 + -418. Suppose -j = -t*j. Give f(j).
-7
Let x(g) = -79*g**2 + 204*g + 36. Let k(j) = -28*j**2 + 67*j + 12. Let p(q) = 11*k(q) - 4*x(q). Calculate p(10).
-2
Let x(h) = -9 + h - 5 - 3. Let n = -1118 + 980. Let r = 150 + n. What is x(r)?
-5
Let d(i) be the second derivative of -6 + 5*i - 11/2*i**3 + 1/2*i**2. Give d(-1).
34
Let i(g) = g**2 + 27*g + 51. Suppose 17*t + 214*t = -5 - 457. Determine i(t).
1
Let s(r) = 7*r**2 - 2*r + 2. Let h be (0 + 8)/(2 + -1). Let o be (2*4/h)/((-3)/(-6)). Calculate s(o).
26
Let x(u) be the first derivative of 26 + 1/2*u**2 + 0*u + 1/3*u**3. Suppose f + f + 4 = 0. What is x(f)?
2
Suppose 600 = 565*g - 715*g. Let i(n) = -2*n - 2. Let u be i(-5). Let z(d) = d**3 + 8*d**2 + u*d - 3*d - 3*d**2. Calculate z(g).
-4
Suppose -2*b + 20 = -3*d, 3*b + 0*d - 8 = -d. Let r(t) = 63*t + 4 + 1 - 25*t - 24*t + t**2 - 19*t. What is r(b)?
1
Let t(w) = 14*w - 1. Let n(d) = -d. Let i(z) = -5*n(z) - t(z). Let q = 39072 - 39071. Calculate i(q).
-8
Let f(j) = -25*j + 105. Let k(n) = n**3 - 3*n - 14. Let x be k(3). Determine f(x).
5
Let l(c) = -c**2 - 3*c - 3. Suppose 5*k = -4*f + 267, 4*k + 7*f - 4*f - 214 = 0. Let n = k + -57. Calculate l(n).
-1
Let m(c) = 5*c**2 + 3*c + 2. Let i(d) = 4*d**2 + d + 2. Let w(l) = -6*i(l) + 5*m(l). Let y = -24 - -31. Suppose -2*o + y = -3*o. Determine w(o).
-16
Let v(y) = 3*y**2 + 38*y + 120. Let q be v(-3). Let b(s) = 2 - q*s**3 + s + 25*s**3 + 5*s**3. Determine b(2).
-20
Let t = -623 + 663. Suppose 2*m = -t*m + 126. Let o(a) = -2*a - 5. Determine o(m).
-11
Suppose -2*z = -5*z + 93. Suppose 7*d = 130 - 116. Suppose 3*m - 1 = 3*w - z, d*m = -2*w + 16. Let v(n) = n - 12. Determine v(w).
-3
Let l = 3919/190 - 390/19. Let f(i) be the second derivative of -1/12*i**4 + 1/2*i**2 + l*i**5 + 0 + 0*i**3 + i. Calculate f(1).
2
Let l(b) = -b**2 - 7*b - 2. Let n be l(-7). Let w(i) = -7*i + 71*i**3 - 2 - 68*i**3 + 3*i - 2*i**2 + i + 4*i**2. Calculate w(n).
-12
Suppose -13 = f - 6. Let h(g) = -3*g**2 + 14*g + 11. Let p(z) = 4*z**2 - 21*z - 17. Let o(a) = -7*h(a) - 5*p(a). What is o(f)?
8
Let s = -141 + 142. Let g(v) = 7*v**3 - 14*v**2 + 10. Let m(r) = -r**3 + r**2 + r. Let h(b) = s*g(b) + 6*m(b). Determine h(7).
3
Let d = -118 - -126. Suppose -2*m = j + j + d, m = -5*j - 24. Let q(z) = -15*z**2 + 3. Let i(y) = y**2 - 1. Let o(l) = m*q(l) + 4*i(l). Calculate o(-1).
-12
Suppose 3*j - 4*f = -36, -j - 58 = 3*j -